5
Let d = 293 + -96. Suppose 4*m + 33 = d. What are the prime factors of m?
41
Let p(x) = -19*x - 11*x - 3*x**2 + 97 - 93. What are the prime factors of p(-5)?
79
Let d(y) = 128*y**2 - 3. Let z = 140 - 141. What are the prime factors of d(z)?
5
List the prime factors of (-3)/12 - ((-272398)/56 - 1).
5, 7, 139
Let i(m) = -m. Let y(o) = 55*o**2 + 9*o + 2. Let n(g) = 5*i(g) + y(g). What are the prime factors of n(-1)?
53
What are the prime factors of (-11)/(-55) + (-23127)/(-15)?
2, 3, 257
Let f(k) = -k**3 - 3*k**2 + 2*k - 2. Let q be f(-4). Let l be 24/q*34/8. Let m = l - -9. List the prime factors of m.
2, 13
Suppose 4*c + 3*x = 46 - 18, -2*c = 5*x - 28. Suppose -7 = -g - 5*p + 49, 5*g - c*p - 164 = 0. Suppose g = -d + 2*d. What are the prime factors of d?
2, 3
Let m = -99 + 101. Suppose i = m*i - c - 66, 4*c = -5*i + 339. What are the prime factors of i?
67
Let p(n) = 41*n - 1. Suppose -3*k + 1 = u - k, -5*u - 4 = k. Let r be p(u). List the prime factors of 8/3*r/(-4).
2, 7
Let s = 316 - 63. List the prime factors of s.
11, 23
Suppose 0 = z - 4302 - 472. What are the prime factors of z?
2, 7, 11, 31
Let i = -63 + 746. List the prime factors of i.
683
Suppose 0 = -3*m + m + 12. List the prime factors of (4 - m) + -2 + 37.
3, 11
Suppose 4*i + 17*h - 12*h = 15624, -2*h = 4*i - 15612. What are the prime factors of i?
47, 83
Let c(l) = 13*l + 30. List the prime factors of c(22).
2, 79
Suppose -2*h = -0*h - 10. Let l be 1/h + 48/10. Suppose -w = -3*q - 0*q + 103, 0 = -q + l*w + 25. List the prime factors of q.
5, 7
Let x(h) = -h**3 + 19*h**2 + 36*h - 42. What are the prime factors of x(16)?
2, 3, 7, 31
Let j(d) = 2*d**2 - 4*d - 6. Let g(n) = 3*n**2 - 3*n - 7. Let s(m) = 3*g(m) - 4*j(m). What are the prime factors of s(-8)?
11
Suppose 0 = -0*v + 9*v - 180. Suppose -v*w + 2*w + 3582 = 0. List the prime factors of w.
199
Let m(s) = 37*s - 1. Let j be m(1). Suppose -4*n = -j + 600. What are the prime factors of (n/(-9))/((-3)/(-9))?
47
List the prime factors of 197/(42/12 - 3).
2, 197
Let g = 10208 - 6342. What are the prime factors of g?
2, 1933
Let n(i) = i**3 + i**2 + 3*i - 6. Suppose -v - 7*v + 32 = 0. List the prime factors of n(v).
2, 43
Let m = -349 - -498. Suppose -7*y + 145 + m = 0. List the prime factors of y.
2, 3, 7
Suppose 2*o - 5 = 11. Let t(r) = 11*r - 7. Let b be t(o). What are the prime factors of -2 + (b/3 - -2)?
3
Let p(y) be the third derivative of -y**4/24 + 10*y**3/3 - 10*y**2. Let g be p(0). Suppose -3*h + 61 = 5*o, h = 5*o - 53 - g. List the prime factors of o.
2, 7
What are the prime factors of 11 - (7 + -4072 + -10)?
2, 3, 227
Let s(f) = -f**3 + f**2. Let w(g) = 4*g**3 - 3*g**2 - 2*g + 40. Let c(m) = 3*s(m) + w(m). List the prime factors of c(0).
2, 5
Suppose l - 5*l = 0. Suppose l = -a - 5, -2*a + 86 = -h + 5*h. What are the prime factors of (-5)/(-2) + (-12)/h?
2
Suppose 0 = 31*z + 21819 - 133202. What are the prime factors of z?
3593
Suppose 0 = -0*y - 5*y + 10. Suppose y*n = -2, -j - 4*j = 3*n - 17. Suppose j*k - 7*k = -114. What are the prime factors of k?
2, 19
Suppose y + 12 = 3*o, 4*y - 3 = 3*o - 15. Let h(b) = -b**3 - b**2 - 2*b + 8. List the prime factors of h(y).
2
Let o be 14/(-3 - 28/(-8)). Suppose -4*p = q - 3*q - 24, -3*q + 4*p = o. List the prime factors of 18*(q/(-12) - -1).
2, 3
Suppose 0*p = 2*a + 2*p + 14, 3*a - 4 = 2*p. Let w(d) = -25*d**3 - 2*d**2 + d + 10. What are the prime factors of w(a)?
2, 5
Let o(s) = 34*s + 16. What are the prime factors of o(12)?
2, 53
Let w(m) = -m**2 - 3*m - 1. Let d be w(0). List the prime factors of (d/(-2))/(3/186).
31
Let b = -60 - -46. Let q be (30/9)/((-2)/(-24)). Let l = q + b. What are the prime factors of l?
2, 13
Suppose -19 = -l - 14. What are the prime factors of 2/l + (-9)/(-15) - -128?
3, 43
Let m = 128 + 291. List the prime factors of m.
419
List the prime factors of (-10)/(16/28 - (-2344)/(-4004)).
5, 11, 13
Let c(t) = -t**2 - t + 8. Let q be c(0). Suppose q = -2*a + 318. What are the prime factors of a?
5, 31
Suppose -3*t + 4*x = -2312, 11*x - 3864 = -5*t + 7*x. List the prime factors of t.
2, 193
Let w(o) = -6 + 2 + 4*o**2 - 13*o**2 + o**3. Let s be w(9). List the prime factors of (-43)/s - 6/(-24).
11
Let g(j) be the second derivative of 31*j**4/6 - j**3/6 - j**2/2 - 3*j. List the prime factors of g(-1).
2, 31
Let l = -3432 + 4926. What are the prime factors of l?
2, 3, 83
Let c be (117/(-2))/((-4)/8). Suppose 2*d = -3*b - c + 782, 1113 = 5*b + d. What are the prime factors of b?
223
Let v(d) = -4*d + 0*d + 4 + 2. Suppose -75 = -2*f - 91. What are the prime factors of v(f)?
2, 19
Suppose 2*r = 654 + 490. Suppose 3*u + c - r = -2*u, -u + 106 = 3*c. Suppose 0 = 4*d + 4*l - 35 - 201, -2*d - 3*l = -u. What are the prime factors of d?
2, 31
Let o(c) = -c**3 + 6*c**2 - 2*c - 15. Let n be o(10). Let s = 726 + n. List the prime factors of s.
3, 97
Let f(g) = 252*g + 22. List the prime factors of f(1).
2, 137
Let y = 555 + -349. What are the prime factors of y?
2, 103
Let p = -287 - -792. List the prime factors of p.
5, 101
Let w(b) = -33*b - 1. Let j be w(-5). Let o = -95 + j. List the prime factors of (4/6)/(2/o).
23
Let k(r) = -2*r**2 + 13*r - 12. Let s be k(7). Let w = s + 69. What are the prime factors of w?
2, 5
Suppose 35 = 8*u - 3*u. Suppose -u = -0*l - l. List the prime factors of ((-54)/(-21))/(1/l).
2, 3
Suppose 2*v + 4*j = 4*v - 20, 4*v - 2*j = 10. Let i = v - -4. Suppose 190 = 9*k - i*k. What are the prime factors of k?
2, 19
Let v = -1761 - -3339. What are the prime factors of v?
2, 3, 263
Suppose 5876 = 7*g - 578. What are the prime factors of g?
2, 461
Let g be (1*9)/(3*(-6)/(-264)). Let j = -80 + g. List the prime factors of j.
2, 13
Let n = -111 - -63. What are the prime factors of 0 - (n + -4 + 4)?
2, 3
Let a(j) = -4*j**2 - 6*j - 11. Let o be 5 + (-3 - -2) + -2. Let s(t) = -17*t**2 - 23*t - 44. Let q(n) = o*s(n) - 9*a(n). What are the prime factors of q(-5)?
3, 7
Let y(j) be the second derivative of j**4/12 - j**3/3 - 3*j**2/2 - 8*j. Let s be y(-6). Suppose 0 = 6*z - s - 81. List the prime factors of z.
3, 7
Let x be (-5)/(-3) + (-5)/(-15). Suppose -2*b - x*d - 68 = -174, -3*d - 183 = -3*b. List the prime factors of b.
3, 19
Let m = 4488 + -2014. List the prime factors of m.
2, 1237
Suppose 0 = -2*a - 4. Let z = a - -2. Suppose z = -3*b + 9 + 39. What are the prime factors of b?
2
Suppose 0 = -6*b + 2*b - 24. Let a be 2/b*-9 + 7. Suppose a*p - 11*p = -40. List the prime factors of p.
2, 5
Suppose 5*r = 3*a + 963, 4*r - 4*a - 242 = 530. What are the prime factors of r?
2, 3
Let o(t) = 2*t**3 - 11*t**2 - 4*t - 22. What are the prime factors of o(8)?
2, 7, 19
Let a(f) be the third derivative of -2/15*f**5 - 5/6*f**3 + 0*f + 0 - 4*f**2 + 1/6*f**4 + 1/120*f**6. What are the prime factors of a(8)?
3
Suppose -y + 3*d + 807 = 0, 3*y + 38 = -4*d + 2407. What are the prime factors of 2*1*y/30?
53
Suppose 25*v - 17*v - 3648 = 0. List the prime factors of v.
2, 3, 19
Suppose -16*w = 86 - 54. Let c = 4 + -3. What are the prime factors of -1*-11*(c - w)?
3, 11
Let u = 11 - 1. Suppose -u = -2*d + 6. Let l(m) = m**3 - 7*m**2 - 4*m - 14. What are the prime factors of l(d)?
2, 3
Let d(u) = 3*u**2 - 2*u + 84. Let x be d(0). Let n = x - -8. List the prime factors of n.
2, 23
Let v be (14/4 - 3)*4. Suppose -5*r + 4*q = -12 - 4, 0 = -v*r + 4*q + 16. Suppose r*o = -2*g + 3*o + 69, -136 = -4*g + 4*o. What are the prime factors of g?
3, 11
Suppose 3*v = -2*v + 15. Let p(k) = k**2 - 6*k + 9. Let q be p(3). Suppose 5*z - v*l - l - 116 = q, 5*z = -5*l + 125. What are the prime factors of z?
2, 3
Let p be -3 + (58 - (2 - -3)). Let a = -4 + 64. Suppose -x + a = 2*d + x, 4*x + p = d. List the prime factors of d.
2, 17
Let s be 7/(84/40)*6/4. Suppose 2*d + 4*n - 30 = 5*n, d - s = -2*n. What are the prime factors of d?
13
Let p(q) = -5*q + 5. Let f be p(-3). Suppose f = 5*x - x. Suppose 0 = s + x - 33. What are the prime factors of s?
2, 7
Suppose 536 = -4*k - 0*a - 3*a, 4*a = 16. Let t = k + 205. List the prime factors of t.
2, 17
Let n(f) = 9*f - 7. Let o(r) = -5*r + 4. Let b(g) = -6*n(g) - 11*o(g). Let d be b(7). Suppose -5*h = -4*h - d. List the prime factors of h.
5
Let k = 2296 + -1777. What are the prime factors of k?
3, 173
Suppose -5*l + 1522 = 4*h, 5*l - 416 - 1100 = 